t - 3*t + t. What is the units digit of m(7)?
1
Let b = -5 - -13. Let i(j) = 3*j**2 + 4*j. Let z be i(-4). What is the tens digit of b/(-12) - z/(-3)?
1
Let t = 5 + 0. Suppose 4 = i - t*q, -3*i + 20 = -i + 2*q. What is the units digit of i?
9
Let d = 1 - 1. Let b(n) = -n**2 - n + 5. What is the units digit of b(d)?
5
Let f = -29 + 19. Let q(g) = g**2 + 10*g + 11. What is the tens digit of q(f)?
1
Let d = 16 - 14. What is the units digit of 2/d + (19 - 5)?
5
Let z be (2 - (-2 + 3)) + 0. Let b(v) = z - 5 + 10*v - v**2 - 3. What is the units digit of b(7)?
4
Suppose 3*k - 70 = k. What is the tens digit of k?
3
Suppose y - q = q - 18, 4 = q. Let f(o) = -o**2 - 13*o - 7. What is the units digit of f(y)?
3
Suppose -4*a + a + 231 = 0. What is the units digit of a?
7
Let x = 5 + 0. Suppose -4*o - g + 3 = -2*o, x*o + 4*g - 3 = 0. What is the units digit of o?
3
Let s be (9/6)/((-3)/(-6)). Suppose 30 = 4*b - 5*v, -s*b - 3*v - 31 = -8*b. What is the tens digit of b/(-2)*(-20)/5?
1
Suppose -3*s - 5*o = -94, -92 = -2*s + 4*o - 0*o. What is the tens digit of s?
3
Suppose 0 = 2*m + 4 + 4. Let b = m + 2. What is the units digit of b + (1 - (2 + -11))?
8
Suppose 4*s = -3*w - s - 49, -4*w = 2*s + 42. Let d = w - -11. What is the units digit of (-6*3)/((-6)/d)?
9
Let c = 532 + -361. Suppose c = -o + 6*o + 2*r, -105 = -3*o - 2*r. What is the tens digit of o?
3
Let z = 11 + -9. Let o(d) = d**3 - 2*d**2 + d. What is the units digit of o(z)?
2
Let c be -1 - (4 - 1) - 0. Let q be (0 + 4)*(-6)/c. What is the units digit of -4*-9*3/q?
8
Suppose 5*i - 4*q + 47 = 0, -2*i + 9 = -3*i + q. Let y = 21 + i. What is the units digit of y?
0
Let c = 3 + -3. Suppose 2*h = 2*w - h - 28, c = 4*h + 8. What is the tens digit of w?
1
Let c(a) = -2*a**2 + 0 - 7*a + a**2 - 1. Let f be c(-6). Suppose 3*n = -2*n + f. What is the units digit of n?
1
What is the units digit of 177/(-2)*(-10)/15?
9
Let r(o) = -2 + 2*o + 0 - 2. Suppose 21*b - 24 = 17*b. What is the units digit of r(b)?
8
Suppose -4*z + 40 = -w - 168, 0 = -4*z - 5*w + 232. What is the tens digit of z?
5
Suppose -2*u - u = 3*j + 15, -j = 2*u. Let c(b) = -b**3 + 9*b**2 + b + 13. Let w be c(9). Let z = j + w. What is the tens digit of z?
1
Let v be 4/(-18) + (-122)/18. Let f(l) = -2*l - 1. What is the units digit of f(v)?
3
Suppose -2*f + 5 + 33 = 0. What is the tens digit of f?
1
Let x(h) = h**2 + 12. Let m be x(0). Suppose 3*g = -g + m. Suppose -2*i = g*t + 10 - 34, -2*t + 16 = -3*i. What is the units digit of t?
8
Let j be -1 + -3 + 6 + 2. Suppose -j*h - 1 = -y - 115, -3*h = -3*y - 90. What is the tens digit of h?
2
Let j(z) = -z**3 - 5*z**2 - z + 1. Let b be j(-5). Suppose -2*s = -3*h - 67, s = b*s - h - 187. Suppose n + s = 3*n. What is the tens digit of n?
1
Suppose -52 = -2*z + 5*d + 93, 4*z - 215 = -5*d. What is the tens digit of z?
6
Suppose 2*z - 4*d + 16 = 0, -5*z + 28 = -z + 4*d. Suppose x = -z*x + 12. Suppose 3*t + 3 = -x*g - 11, -30 = -5*t + 4*g. What is the units digit of t?
2
Suppose -3*g + 5*w - 30 = 2*w, 3*g + 5*w + 6 = 0. Let o(i) = i + 11. What is the units digit of o(g)?
4
Let w(m) = -m**2 - 16*m - 10. What is the tens digit of w(-14)?
1
Let z(v) = 2*v**2 - 2*v - 2. Let i be z(2). What is the units digit of (-420)/(-54) - i/(-9)?
8
Suppose -2*s - 78 - 2 = -3*y, -3*y + 5*s = -74. Let m = y - 17. What is the units digit of m?
1
Suppose 3*i - 3 + 0 = 0. Let q = -2 + i. What is the units digit of 4 + (-2 - q)*1?
3
Suppose -4*p - p - 5 = 0. Let x = -38 - p. Let v = -26 - x. What is the units digit of v?
1
Let y(q) = 32*q + 39. What is the units digit of y(8)?
5
Let f = 11 - 8. Suppose -14 = -c + 3*z, f*c - 1 = 3*z + 17. Suppose 0 = -c*i + 2 + 2. What is the units digit of i?
2
Suppose -5*n = 3*n - 344. What is the tens digit of n?
4
What is the tens digit of (-18)/((2 - 7) + 4)?
1
Suppose 3*o = 5*o - 10. What is the units digit of (o/10)/(1/2)?
1
Suppose 0 = -m + 3*m - 164. What is the tens digit of m?
8
Let g = 4 + 0. Suppose -4*k + 20 = g. What is the units digit of k?
4
Let t = -185 + 263. What is the units digit of t?
8
Let g(z) = 2*z - 1. Let a(v) = v**3 - 6*v**2 + 4*v + 6. Suppose -2*w + 6 = -4. Let u be a(w). What is the units digit of g(u)?
1
Let j(c) = -c**3 + 12*c**2 - 8*c - 1. Let x be j(11). Let l = -28 + x. What is the units digit of l?
4
Suppose -3*w = -4*i + 19, 0*i - 23 = 5*w + 2*i. Let p(b) = b**2 - 2. What is the tens digit of p(w)?
2
Let m(k) = 3*k**2 + 3*k + 2. Let b be m(-2). Let f = b - 0. What is the units digit of f?
8
Let z(o) = o**2 + 0*o + 7*o - 3 + 0*o + 4. What is the units digit of z(-8)?
9
Let o = -14 - -21. Suppose 4*y = -3*n + 59, 0 = 4*y - 3*n + o*n - 64. What is the tens digit of y?
1
Let z(p) = 7 + 11 - 8 + p. Let c be z(-8). Suppose -c*u = u - 15. What is the units digit of u?
5
What is the units digit of (-93)/(-4)*56/14?
3
Suppose 0 = 5*d + 122 - 402. Suppose -3*f + 5*s = -d, 4*f - 6*s = -3*s + 60. What is the tens digit of f?
1
Let r = -6 - -9. Suppose 51 = r*u - 2*u. What is the tens digit of u?
5
Let v = -23 - -16. Let c(i) = i**3 + 7*i**2 - 6*i - 7. What is the tens digit of c(v)?
3
Let j(k) = -3*k**2 + k + 2. Let v(l) = -16*l**2 + 6*l + 11. Let n(c) = -11*j(c) + 2*v(c). Let x be n(1). Suppose -10 + 2 = -x*g. What is the units digit of g?
4
Suppose -5*w = -0 - 40. Suppose 3*r + r = w. Suppose -3*g + r*s = -17, -2*g + 16 - 3 = -3*s. What is the units digit of g?
5
Let t be (-3)/(-7) + 9/(-21). Suppose -2 + t = -q. What is the units digit of q?
2
Let d be ((-12)/(-10))/((-4)/(-10)). Let s = -4 + 7. Suppose -s = -d*n + 3. What is the units digit of n?
2
Let g(l) = 4*l**2 + l - 4. Let q be g(-3). Suppose -5*b - u = -q, 0*b - 4*b + 22 = 2*u. What is the units digit of b?
6
Let r = 2 + -2. Let p be (6 - r) + -2 + 0. Suppose 3*w = p*w - 8. What is the units digit of w?
8
What is the hundreds digit of 0 + 256 + 0*(-5)/(-40)?
2
Let o(t) = 4*t - 3. Let y be (2/(-6))/((-3)/18). Let i be o(y). Suppose 46 = i*n + 11. What is the units digit of n?
7
Let y = -4 - 2. Let z = y - -9. What is the units digit of z?
3
Let h(q) = q**3 - 6*q**2 + 3*q + 4. Let s be h(5). Let n(a) = -2*a + 1. What is the tens digit of n(s)?
1
Suppose 8*m + 44 = 6*m. Let n = -11 - m. What is the tens digit of n?
1
Let w be -2 - -5 - (0 + 15). Let b(r) = r + 16. Let c be b(w). Suppose n = c*n - 36. What is the tens digit of n?
1
Let l = -2 - -2. Suppose -4*d - 3*f - f - 8 = l, -2*f = 3*d + 4. Suppose -a + 3*a - 4 = d. What is the units digit of a?
2
Let t = -4 + 7. Suppose -4*y + 24 + 15 = t*w, y + 39 = 3*w. What is the tens digit of w?
1
What is the units digit of (-42)/(-9)*(-9)/(-3)?
4
Let s(t) = -4*t**2 + 5 - t**2 + 2*t**2 - t**3 - 2*t**2 + t. Let g be s(-4). What is the units digit of 50/g*(-6)/5?
4
Let w(f) = -14*f - 13. What is the tens digit of w(-3)?
2
Let k = -14 + -7. Let p be (-1)/4 - k/4. Suppose p*b = -7 + 42. What is the units digit of b?
7
Let f(n) = -n**3 - 5*n**2 + 3. Let x be f(-5). Suppose -5*v = -3*o - 18, -2 = v + 4*o + o. Let c = x + v. What is the units digit of c?
6
Let j be 31/5 - (-8)/(-40). Let p = 2 + j. What is the units digit of p?
8
Let u(p) = 11*p + 1. What is the units digit of u(4)?
5
Let g = 27 + -11. What is the tens digit of g/24*(-1 - -31)?
2
Let g(i) = -2*i**2 + 2*i + 2. Let z be g(3). Suppose -u + 0*l = 2*l - 22, -u + 16 = -l. Let f = u + z. What is the units digit of f?
8
Suppose 5*w - 85 = 5*s, 4*w + 5*s + 49 = 144. Suppose 5 = -2*d + i + 10, 2*d = 4*i + 8. Suppose 0*f - w = -d*f. What is the units digit of f?
0
Let l = -15 - -7. Let m = -2 - l. Suppose -m = -2*n - 0*n. What is the units digit of n?
3
Let x(d) = 5*d - 15. Let l be x(6). Suppose 0 = m - l + 4. What is the tens digit of m?
1
Suppose 0*p + 3*f = 5*p - 196, 0 = 4*p + 4*f - 176. What is the tens digit of p?
4
Let h = 7 - 5. Suppose h*x - 23 = 7. What is the units digit of 66/x - 6/(-10)?
5
Let m(a) = -a**3 + 9*a**2. Let q be m(7). Suppose -q = -5*r + 72. What is the tens digit of r?
3
Let j(g) = g**2 - g + 3. Let q be 0/2*5/(-5). Let l be j(q). Suppose -l*h = -6*h - y + 31, 2*h + 2*y = 18. What is the tens digit of h?
1
Let z(d) be the second derivative of d**3/2 - d**2/2 - 2*d. Let f be z(1). Suppose -x + f = -3. What is the units digit of x?
5
Suppose 6 = -3*o, 0 = 5*j + o + 31 + 11. Let r(u) = 11*u + 2